et q(t) = -7*a(t) + 3*w(t). What are the prime factors of q(4)?
2
Let b(h) = 2*h**2 + 6*h + 2. Let n be b(-4). Let j be ((-6)/(-15))/(4/n). List the prime factors of j*(36 - 0)/3.
2, 3
Suppose -31*p + 140 = -30*p. What are the prime factors of p?
2, 5, 7
Suppose -5*h = 3*g - 549 + 209, 118 = g + 4*h. Suppose -2*v + g = 3*v. List the prime factors of v.
2, 11
Suppose -3*l + 8 + 1 = 0, 0 = 5*d + 2*l + 19. Let i(o) = 26*o. Let z(x) = 403*x. Let k(y) = d*z(y) + 78*i(y). List the prime factors of k(1).
13
Let g(q) = -8*q - 1 - 3*q - 1. Let a be g(2). Let b = a + 43. List the prime factors of b.
19
What are the prime factors of (-234)/(-2) - (5 - (-7 - -8))?
113
Suppose 0 = 5*q - 0*q + 15. Let n(h) = -3*h - 2. What are the prime factors of n(q)?
7
Let s = -373 + 546. What are the prime factors of s?
173
Let l(r) = r**2 + 6*r + 6. Let j be l(-7). Let a = j - -10. Suppose -5*s - 8 = -a. What are the prime factors of s?
3
Let x(q) = 2*q**2 + 23*q - 36. List the prime factors of x(-20).
2, 19
Suppose -4*b + 5 + 19 = 0. Let k be (b + 0)*(4 - 5). List the prime factors of (-2)/k + (-22)/(-6).
2
Suppose 5*j = -2*t + 12 + 1, -j = -2*t + 43. List the prime factors of t.
19
Let j = 1 - -1. Suppose 4*c - 2*q = 118, 3*c - j*q = 2*q + 101. What are the prime factors of c?
3
Let y be 4/1 + 2 + -4. Suppose 9 = -y*j - j. Let r = j + 14. What are the prime factors of r?
11
Let q(x) = 2*x**2 - 6*x - 3. Let j be q(6). Let f = -19 + j. List the prime factors of f.
2, 7
Let m(a) = -1. Let d(i) = -i + 6. Let f(c) = -d(c) + 3*m(c). Let z be f(7). Let w(x) = -5*x + 2. List the prime factors of w(z).
2, 3
Let h be -126*((-5)/2 + 2). Let q = h + -31. List the prime factors of q.
2
Let f = -14 + 15. Suppose v = -q + 3 + f, -14 = -4*q - 2*v. What are the prime factors of q?
3
Let y = -2 + 6. Suppose 52 = -y*f - 0*f. Let u = f + 20. List the prime factors of u.
7
Let h = -18 + 52. What are the prime factors of h?
2, 17
List the prime factors of 146/(-3)*2*(-6)/8.
73
Suppose -2*z + 0*z = 36. Let q = -6 - z. Suppose 0*o + 2*o - q = 0. List the prime factors of o.
2, 3
Suppose -5*q = -4*g + 743, 0 = -5*g - 2*q + 577 + 327. List the prime factors of g.
2, 7, 13
Let v = 32 + -26. Let f be 75/6 + (-2)/(-4). Let k = f + v. List the prime factors of k.
19
Let m(l) = -l**3 - 6*l**2 - l - 2. Let s be 3/5 - 33/5. Let g be m(s). List the prime factors of 2/(1/(18/g)).
3
Let m be (-4)/6*6/(-2). Suppose 3*v - 65 = -m*v. What are the prime factors of v?
13
Suppose 4*s + 53 = -5*q, s - 2*q = 4*s + 31. Let b = s - -28. List the prime factors of b.
3, 7
Suppose -4*v + 12 = -5*w + 2, -3*v = 5*w - 25. Suppose v = j - 8. List the prime factors of j.
13
Let l(t) = -t**3 - 11*t**2 - 8*t + 11. Let k be l(-10). Let u(j) = j + 12. What are the prime factors of u(k)?
3
Let u be (-1 - -2) + 0 + 0. Let o = u - -29. Suppose 0 = -z - 5*d + o, -4*d = 2*z - 0*z - 30. What are the prime factors of z?
5
Let w(h) = 103*h + 2. Let i be w(1). Suppose -5*u = -10*u + i. What are the prime factors of u?
3, 7
Suppose -4*v = -5*d - 74 - 583, 5*v - 805 = 3*d. Suppose -50 = 4*k - v. Let t = 39 - k. List the prime factors of t.
2, 3
What are the prime factors of ((-1)/2)/(1/(-18))?
3
Let s(i) = -32*i - 16. What are the prime factors of s(-9)?
2, 17
Suppose 2*o + 6 = -2*g, -2*g = -4*o - 0*o - 18. Suppose -i + 2*i = -g. List the prime factors of (-1)/i + -2 + 7.
2, 3
Let d = 263 + 0. What are the prime factors of d?
263
Let a = -4 + 25. List the prime factors of a.
3, 7
Let q = -6 + 6. Suppose -3*h + w + 18 = q, 2*h + 3*h - 5*w - 40 = 0. What are the prime factors of h?
5
Let r = 90 + 32. What are the prime factors of r?
2, 61
Let y(j) = 2*j**2 - 4*j + 3. Let p be 4/2*(-12)/(-8). List the prime factors of y(p).
3
Let m(d) = -d + 7. Let p be m(9). What are the prime factors of p/3 + (-260)/(-12)?
3, 7
Suppose 0*l + 336 = 7*l. What are the prime factors of l?
2, 3
Suppose 2*j - 19 = 3*j + 5*k, -7 = j + 2*k. Suppose 4*a - j = 7. What are the prime factors of 2/(-2) + 2 + a?
3
Let q be (-76)/18 + 8/36. What are the prime factors of (-555)/(-33) - q/22?
17
Let w = 34 - -23. List the prime factors of w.
3, 19
Suppose -4*v - 5*f = -f + 284, -4*f = 3*v + 215. Let y = -33 - v. List the prime factors of y.
2, 3
Let a = 728 + -444. List the prime factors of a.
2, 71
Suppose 18 = 4*o - 50. List the prime factors of o.
17
Suppose 3*b - p = -294 + 1062, -5*b + 2*p + 1281 = 0. What are the prime factors of b?
3, 5, 17
Let y(p) = -8*p**2 + 24*p - 32. Let l(n) = 3*n**2 - 8*n + 11. Let q(a) = -11*l(a) - 4*y(a). What are the prime factors of q(-8)?
7
Suppose -5*i + 20 = -4*x, -4*x - 16 - 4 = 2*i. Suppose 0 = -i*o + 5*o - 170. What are the prime factors of o?
2, 17
Suppose 0 = y + 2*y. Let i(x) = -x + 4. Let d(s) = s. Let v(k) = 2*d(k) + i(k). What are the prime factors of v(y)?
2
Let x(q) = 25*q - 25. List the prime factors of x(8).
5, 7
Let b(d) = d - d + 4*d. Suppose -6 = -3*x + 2*m - m, -5*m + 15 = 0. What are the prime factors of b(x)?
2, 3
Let y(j) = j**2 - j - 4. Let n be y(-3). Let g be (2/2)/((-4)/n). List the prime factors of (-97)/(-9) - g/9.
11
Suppose -27 = -3*q + 2*q. Suppose -q = -n - 6. What are the prime factors of n?
3, 7
Suppose -q - 25 = -h, h - 70 = 5*q + 67. Let b be (2/7)/((-4)/q). Suppose b*l + 0*j + 10 = -4*j, l - j = 7. List the prime factors of l.
3
Suppose -840 = -56*c + 54*c. What are the prime factors of c?
2, 3, 5, 7
Let b = 22 - 54. List the prime factors of (0 - b/6)*3.
2
Suppose 0*j = 3*j + 66. Let t = 41 + j. Suppose -4*y + 9 = -t. What are the prime factors of y?
7
Let r = 7 + -6. List the prime factors of 5/r - 3 - -15.
17
Let h(b) = b + 16. What are the prime factors of h(5)?
3, 7
Let n(x) = -4*x - x + 3*x. Let l be n(4). What are the prime factors of l/12*(-30)/4?
5
Let d(i) = -i**3 - 8*i**2 + 3. Suppose 3*j + 8 = 2*j. Let w be d(j). Suppose 4*b = -t + 36, 0*b - w*t - 32 = -2*b. What are the prime factors of b?
2, 5
Suppose -5*w = 3*g + 2*g - 110, -5*w + 109 = 4*g. What are the prime factors of w?
3, 7
Suppose -65 = 5*d + 95. Let l = -23 - d. Let y = -4 + l. What are the prime factors of y?
5
Let h be -5 - -3 - (0 - 14). Suppose 2*d - 4*d = 10, h = -c - 3*d. What are the prime factors of c?
3
Let n = -8 - -88. List the prime factors of n.
2, 5
Let u(n) = 3*n - 4. Let m be u(4). Let v be (0 + -2)/(m/(-12)). Suppose v*j - 13 = -4. List the prime factors of j.
3
Let b(g) = g**2 - 3*g. Let d be b(3). Suppose d = -m - 2. List the prime factors of 81/6 - (-3)/m.
2, 3
Let w = 105 + -61. Suppose 0 = -2*x + 6*x - w. List the prime factors of x.
11
Suppose -6*z = -z + 40. Let s = z - -13. List the prime factors of s.
5
Suppose 2*n + 0*n - 62 = 0. Let b = n - 9. Suppose -5*z = -b + 2. List the prime factors of z.
2
Suppose 0 = -a - 6*a + 56. List the prime factors of a.
2
Let m = -9 - -12. Suppose 0 = 4*n + 3*t - 217, 2*n - 154 + 23 = m*t. List the prime factors of n.
2, 29
Let g(o) = -o + 4. Let i be g(0). Suppose 0 = -i*r + 17 + 43. What are the prime factors of r?
3, 5
Let o be 1/3 - (-8)/3. Let w(n) = -n**3 - 3*n**2 + 2*n. Let u be w(-4). Suppose -4*l + u = -3*g, 2*g + o*l = 8 + 15. List the prime factors of g.
2
Suppose -2*i = i - 300. Suppose f = -3*f + i. Let c = f - 13. List the prime factors of c.
2, 3
Let a(d) = 7*d - 67. What are the prime factors of a(12)?
17
Suppose -156 = u - 4*u. List the prime factors of u.
2, 13
List the prime factors of 1*-6*(-69)/9.
2, 23
Let b(i) = -i**3 - 6*i**2 - 3*i - 8. Suppose 5*u = 3*u + 6. Suppose k + u = 3*n, -5*k + 2*n - 40 + 12 = 0. What are the prime factors of b(k)?
2, 5
Let u(q) = -q**3 + 15*q**2 - 21*q + 3. What are the prime factors of u(9)?
2, 3, 5
Let a(v) = v**2 - 3*v - 1. Let q be a(4). Suppose 2*o - q = 5. Suppose -37 = -o*s - b + 6*b, 2*b = -3*s - 1. What are the prime factors of s?
3
Let l = 21 + -16. Suppose 2*n = m, 7 = 2*m + l*n - 11. List the prime factors of m.
2
Suppose 0 = z - 1 + 6. Let c(s) = -s**2 - 5*s + 3. Let p be c(z). Suppose p*u - 20 = -u. What are the prime factors of u?
5
Suppose 5*b - 12 = j, 5*j - 2*b + 8 = 3*j. Suppose 2*h = 4*y + 4, 4*h - y - 2 = 4*y. What are the prime factors of (j + 2*-1)*h?
2
Suppose 4*q + 27 = v, 135 = 5*v - 3*q - q. List the prime factors of v.
3
Let k(r) = -r + r**3 + 3*r - r + 0*r**3 - 2. Let a be k(0). List